site number?
False
Suppose 145168 = -5*k - w, 3*k + 2*k - w + 145172 = 0. Is k/(-42) - (-2)/(-7) a composite number?
False
Let t = -45 + 24. Let i = t - -21. Is 2 + -1*(-53 + i) a composite number?
True
Suppose -5*a - 4*b + 66645 = 0, -53317 = -11*a + 7*a - 3*b. Is a composite?
True
Suppose 0 = 3*v - 3 + 6. Let n be (46/v)/(4/(-78)). Suppose 0 = h - 5*y - n - 152, -4*h = 4*y - 4292. Is h composite?
False
Let v = 16117 - 5280. Is v a composite number?
False
Suppose 105*v - 99*v = 19842. Is v prime?
True
Let b(m) = 42*m**2 + 5*m + 11. Let r be b(7). Suppose 2*y + 738 = -r. Let w = -912 - y. Is w a prime number?
True
Is (118/(-4))/(6 - 785/130) a composite number?
True
Suppose -73434 = -34*m - 14750. Is m a composite number?
True
Let q(b) = 63*b**2 + 7*b + 11. Is q(6) a composite number?
True
Let q be (-6706)/(-4) - 8/16. Let a = q - 995. Is a a prime number?
False
Suppose 0 = 5*v - 13 - 12. Let m(o) = 37*o + 9. Let y be m(v). Let q = -81 + y. Is q prime?
True
Let y = -29 - -38. Let c(s) = s**3 + 4*s**2 - 4*s - 10. Is c(y) prime?
False
Suppose -2*b + 84022 = 4*i - 4*b, 4*i = -5*b + 84015. Is i prime?
False
Let z be 2/(-6*(-1)/9). Let w(v) = 24*v**3 + v**2 - 3*v - 1. Is w(z) a composite number?
False
Is (-198450)/(-11) + (-54)/(-594) composite?
False
Let q(j) = -5*j**3 - 45*j**2 + 13*j - 64. Is q(-23) composite?
True
Suppose -x = -3*v + 3*x + 1644, -1653 = -3*v + x. Suppose p - v = 803. Is p a composite number?
True
Suppose -3*k + 6715 + 20886 = p, 0 = -4*p - 3*k + 110404. Is p prime?
False
Let g = 71 + -71. Is 346 - (-2)/8*2*g prime?
False
Is (-149523)/(-55) + (-4)/(-10) composite?
False
Suppose -15*k + 98486 = -50269. Is k prime?
False
Suppose 13*z - 16*z + 3 = 0. Is 2*z*1236/24 prime?
True
Let r(t) = 968*t + 725. Is r(42) prime?
True
Suppose -2*w + 1249 - 3 = 5*t, -4*t - 1246 = -2*w. Is w a prime number?
False
Suppose -5*u + 71929 = 11864. Is u prime?
False
Let x(h) = -4*h**3 + 3*h**3 + 4*h - 3 - 2 + 3*h**2. Let r be 2*(3 - 5/2) + -7. Is x(r) prime?
False
Let j(s) = -s**2 + 6*s + 1. Let k be j(5). Let p be 5/35*-2 + 2496/14. Suppose 8*z = k*z + p. Is z prime?
True
Let m = 261 + 9893. Is m a composite number?
True
Let x = 28298 - 7261. Is x prime?
False
Suppose -53 = 3*s + 124. Is s/(-3 + 5/((-20)/(-8))) a prime number?
True
Let k = -158 - -386. Let y = k - 159. Is y prime?
False
Is (-50)/140*-7 + (-217173)/(-2) a composite number?
True
Suppose -3*m = -f + 16714, -17*m = 4*f - 14*m - 66931. Is f composite?
False
Suppose -33877 + 4640 = -13*u. Is u prime?
False
Let z(s) = -18*s + 2. Suppose g + 8 = -g. Is z(g) a composite number?
True
Let o(s) = -3*s - 3. Let j be o(-3). Let r be j/(-2)*3/3. Is r/(-5) - 5148/(-45) composite?
True
Suppose 4695 = 2*x + 3*x. Suppose 0 = 4*o + 4*a - a - 937, 0 = -4*o - a + x. Is o prime?
False
Suppose 6*d = 4*d + 36. Suppose 5*g - d = 107. Is g composite?
True
Let j be ((-4 + 1)/(-3))/(-1). Is ((-2)/j)/8 + 32565/60 prime?
False
Let n be (24/(-9))/(10/(-15)). Is (-456)/(-6) + (n - 3) composite?
True
Let f = 13 + -5. Suppose 3*w + f = 5*w. Suppose k - 5*q - 450 = -k, -5*q = w*k - 960. Is k a composite number?
True
Suppose -3*h - 35 = -5*u, 2*u + 4*h + 5 = -7. Let p = -6 - -10. Suppose -2*b - r = -31, 0 = p*b + u*r - 7*r - 57. Is b a composite number?
True
Let d(w) = 73*w**3 + 5*w**2 + 2*w - 9. Is d(4) a composite number?
False
Is 4/26 - 1353/429 - -46856 prime?
True
Suppose -5*p + 964 = 3*f - 2651, 3*f = 4*p + 3588. Suppose 3*n - 699 = f. Suppose n = 5*v - 1132. Is v a prime number?
True
Let a(h) be the first derivative of -13*h**4/4 + 2*h**3/3 - 2*h**2 - 2*h - 3. Is a(-3) a composite number?
False
Suppose 3*b = -b + 24. Suppose -2*a - 9072 = -b*a. Let r = a + -1585. Is r composite?
False
Let p(d) = 15*d**2 + 6*d - 7. Let l(y) = -y**3 + 3*y**2 + 12*y - 6. Let h be l(5). Is p(h) prime?
True
Let g be (-6824)/3 - 10/(-15). Suppose -s + 2*d = 3*d - 5, 0 = 2*s - 5*d - 3. Is ((-8)/12)/(s/g) a composite number?
False
Is -10 - -17 - 59*-114 a composite number?
False
Let f(y) = 15*y**2 + 2*y - 2. Let o(z) = -3*z + 15*z**2 + 6*z + 0*z - 3. Let s(a) = 7*f(a) - 6*o(a). Is s(3) prime?
True
Let g(v) = -78*v - 341. Is g(-16) a prime number?
True
Let s(p) = -p**3 - p**2 + 3*p - 7. Let h be -3*(-6)/(-9)*-1. Suppose -5*t + 6*l - 46 = 2*l, -t - h*l = -2. Is s(t) composite?
True
Let r = -469 - -860. Is r prime?
False
Let y = -129 + -128. Let w(n) = 14*n - 4. Let s be w(-9). Let m = s - y. Is m a composite number?
False
Suppose 8*w = 4090 - 474. Suppose -2*s - 2*s = -w. Is s prime?
True
Suppose -2*a = 3*m - 134 - 5358, -2*m + 3668 = 3*a. Suppose 4*b = m + 244. Suppose 0*k + b = 2*k. Is k prime?
False
Let v = -24 - -29. Suppose 2*r - 3066 = v*l, 897 = r - 2*l - 638. Is r composite?
False
Let l(s) = 334*s**2 - 8*s - 31. Is l(-4) composite?
True
Suppose 7*x - 210 = 2*x. Let o be 63/6*16/6. Is (-573)/(-2)*o/x composite?
False
Let x = 4884 + 3173. Is x composite?
True
Is (-4)/6*(-10 + 423577/(-14)) composite?
False
Let a = -16 + 4. Is (318/a)/((-1)/14) a composite number?
True
Suppose 0 = -82*b + 416348 - 46774. Is b a prime number?
True
Let c(q) = 13*q + 10. Suppose -4*t = -5*t. Suppose t = 3*p - 7*p + 36. Is c(p) a prime number?
True
Let i = -69 - -73. Is ((-294)/12)/(i/(-8)) prime?
False
Let t be 0 - 2 - (-32)/(-12)*-6. Let q(k) = 31*k**2 + 20*k - 19. Is q(t) a composite number?
False
Suppose 0 = 3*d + 2*q - 113455, -4*d = -3*q - 67841 - 83438. Is d prime?
False
Suppose -34*m + 31*m = -513. Suppose 5*r - 4440 = -5*d, m = -3*d + r + 2815. Is d prime?
True
Let x = -694 + 1513. Let v = -556 + x. Suppose -389 - v = -4*c. Is c composite?
False
Let n = -12 + 37. Suppose k - n = 6*k, -110 = 5*s + 4*k. Is s/99 - (-167)/11 prime?
False
Let f be 1/((-2)/(-20)) + 0. Suppose -j - r - 3 = -10, 2*j = 4*r - f. Is j composite?
False
Suppose -300 = -58*n + 68*n. Suppose -5*c = 103 + 232. Let u = n - c. Is u a composite number?
False
Let a = 2532 - 1570. Let m = a - 163. Is m a prime number?
False
Let l(w) be the third derivative of 0*w + 1/24*w**4 + 7/6*w**3 - 4*w**2 + 0. Is l(4) composite?
False
Suppose 5*m + 119 = 2414. Suppose -h = -2*g + 932, -4*h = -4*g + 3*g + m. Is g composite?
False
Let l(s) = -6*s**3 - 5*s**2 - 29*s + 5. Is l(-7) a composite number?
True
Let d be (5/(30/9))/((-7)/28). Let x(i) = -360*i - 1. Is x(d) a prime number?
False
Let f = 1965 - 3351. Let d = f - -2341. Suppose 0*u = 5*u - d. Is u a composite number?
False
Let q be 0/(-2) + 0/(-12). Suppose 0 = -3*n - 2*t - t + 12, 2*n + t - 6 = q. Suppose 3*j - 4*y - 140 = j, j + n*y = 78. Is j a prime number?
False
Suppose -26*p - 6468 = -31*p - 2*c, -3*c - 3 = 0. Is p composite?
True
Suppose -x + 859 = -2*i, -3*i = 2*x - 4*i - 1709. Is x a composite number?
False
Let f(t) = 324*t**2 - 22*t - 49. Is f(-11) prime?
True
Let i(f) = -5*f + 6779. Suppose w + 5*w = 7*w. Is i(w) prime?
True
Suppose 2*f + 6157 = 3*l, 3*f - 3 + 0 = 0. Is l a prime number?
True
Let i(g) = -89*g - 46. Let k be i(6). Let f = 2037 + k. Is f a composite number?
True
Suppose -32*f + 110055 = -89849. Is f composite?
False
Let h(q) = 8*q**2 - 7*q + 15. Let l(f) = f + 1. Let b(j) = h(j) - 4*l(j). Let a = 10 + -4. Is b(a) prime?
True
Let v be ((-60)/6)/((-2)/1). Let w(i) = -i**2 + 8*i - 2. Is w(v) a composite number?
False
Let a(c) = -86*c - 3. Let w = 74 + -91. Is a(w) prime?
True
Suppose 5*n + 375 = c - 386, 4*c = -3*n + 2998. Let j = -162 + c. Is j composite?
True
Suppose -5*c + 55 = 5*i, 5*i - 2*i + 21 = 3*c. Suppose -s - 3473 = -3*s + v, 3*v = -c. Is s a composite number?
True
Suppose 0 = 4*o + 4*m - 40, -o + 4*m - 4 - 11 = 0. Suppose -u - 2169 = -4*f, -f - 2144 = -o*f - 4*u. Is f a composite number?
False
Let k be (-2 + -1*1)*158/(-237). Is (-3)/k*12592/(-12) prime?
False
Let o(q) = 1203*q**2 - 2*q + 33. Is o(-4) composite?
False
Is 756/(-324) + 5134/3 a prime number?
True
Let k be 6*(-4 - 28/(-6)). Suppose -7600 = -k*h - 2*u - u, -5*h + 4*u = -9469. Is h a composite number?
True
Let d = -468 + 268. Let g = -38 - d. Suppose -2*m + g + 32 = 0. Is m a composite number?
False
Suppose 2*v - 6*v = -8. Suppose 5*q - 266 = -v*q. Is q composite?
True
Suppose 8*k = -5*i + 13*k + 353015, k - 70611 = -i. Is i a prime number?
True
Is ((-6)/10)/1 - 12144/(-15) composite?
False
Let s(v) = 5*v**2 - 5*v - 4. Is s(-9) a composite nu